omposite?
False
Let c = 2 - 2. Let u = 2 + c. Suppose -u*p = -4*j + 96, -2*p = 2*j + p - 40. Is j a composite number?
False
Let m(a) = -2*a - 1. Let q be m(-3). Suppose -2*g = -0 - 10. Let t = q + g. Is t a prime number?
False
Suppose -3*b + 16 = b. Suppose 3*d + 3 = b*d. Suppose 0 = 2*l + l - 3, 5*y = d*l + 122. Is y a prime number?
False
Suppose -3*g + 1671 = 5*p, 0 = -g + 3*g + 5*p - 1114. Is g composite?
False
Suppose -4*z = -7*z + 4*u + 406, 0 = u + 1. Is z composite?
True
Suppose -3*k + 5628 = k. Suppose 8*i - k = 5*i. Is i composite?
True
Suppose -2 = -2*w + 2. Let r = w + 2. Suppose -r = -2*o + 2. Is o composite?
False
Let w(f) be the first derivative of -5*f**4/4 - f**3 - f**2 - f - 2. Is w(-3) a prime number?
True
Let v be (522/(-4))/(3/(-6)). Let d = v + -127. Is d a prime number?
False
Suppose 0 = -2*p - 3*p + 185. Is p a prime number?
True
Suppose 3*a = -u - 19, u - 20 = 4*a + 5*u. Let o be (-2)/7 + (-16)/a. Is ((-226)/4)/(o/(-4)) a composite number?
False
Let i be ((-20)/6)/((-2)/120). Let n = i + 521. Is n a composite number?
True
Let t(u) = -u**3 - 9*u**2 + 2*u - 13. Let v(o) = o**2 - 10*o + 6. Let a be v(8). Is t(a) composite?
False
Suppose 0 = 5*u + 7*w - 2*w - 10, 6 = 3*u - 3*w. Let m(i) = -i**2 - 5 + 7*i - i**u + 4*i**2. Is m(10) a prime number?
False
Suppose 0 = -i - 3*i + 12. Suppose -25 = -i*b + 2*b. Let a = -15 + b. Is a a prime number?
False
Suppose 137 = j - 311. Let o = j + -160. Suppose o = 3*f + 51. Is f composite?
False
Let v(g) = 3*g**2 - 4*g - 8. Is v(5) prime?
True
Let n be (-2)/(-3)*30/(-4). Let s = 237 - 153. Let f = n + s. Is f composite?
False
Let w(j) = -j + 1. Let l be w(-4). Suppose 258 = 4*x + l*q, -2*x - q = -54 - 78. Is x a prime number?
True
Let j be 2/3 - 2/3. Let l(h) = 2*h + 53. Is l(j) a composite number?
False
Let y = 500 + -249. Is y prime?
True
Let b(o) = -3*o - 8. Let p be b(4). Is (-315)/(-4) - 5/p a prime number?
True
Let t = 28 - 9. Is t prime?
True
Let o(n) = 132 - 64 - n + 93. Is o(0) composite?
True
Suppose 2*s - i = -4 + 9, -2*s = -2*i - 2. Let j = -3 + s. Let d = j - -34. Is d prime?
False
Let m(r) = -r**2 - r + 67. Let h be m(0). Suppose h = 2*f - 71. Is f composite?
True
Let z(c) = -5 + 5*c - 2*c**2 + 0 + c**2 - 1. Let y be z(4). Is 37 + -1*(4 + y) a composite number?
True
Let b = 394 - 274. Suppose -n - b = -3*s + 2*s, s - 5*n = 124. Is s a composite number?
True
Is 211*1/1 - 0/2 a composite number?
False
Let p(f) = -177*f + 25. Is p(-6) a prime number?
True
Let i be 1*(-3 - 44)*-1. Suppose 98 = z - i. Is z a prime number?
False
Let n = 1 + 6. Suppose 3*o - 4*t - 165 = 0, 0 = n*t - 2*t - 15. Is o a composite number?
False
Suppose -4*x - x = -15. Suppose -3*l + 3*c - 4*c - 62 = 0, -108 = 5*l - x*c. Is (-2)/(-7) - 477/l composite?
False
Suppose c + 3 = -5*i, 2*c - 9 = i - 4. Let l be (-2 - -3)*724/c. Suppose -4*j - 2*o = -l, 3*o = -3*j - o + 269. Is j a composite number?
True
Suppose 2*q = -q + 6. Suppose q*w = -4, 212 = 2*y - 0*y - w. Suppose -5*r = y - 520. Is r prime?
True
Let r(f) = f**3 - 7*f**2 + f - 6. Let v be r(7). Let k(j) = v + 0*j - 5*j + j. Is k(-2) prime?
False
Let u(v) = 2*v**2 + v + 1. Is u(3) a composite number?
True
Let k = 139 - 60. Is k composite?
False
Let r = 147 - -190. Is r composite?
False
Let i(x) = x**3 - 7*x**2 + 14*x + 11. Is i(8) a composite number?
True
Let j(x) = -x**3 + 14*x**2 - 10*x + 7. Is j(10) prime?
True
Let f be 22/6 - 2/(-6). Suppose -2*i + 3*x - 9 = 8*x, 2*i + 6 = -f*x. Suppose -i*s - 134 = -4*z + 2*s, -4*s = 2*z - 54. Is z prime?
True
Let v(o) = 2*o - 3 - 2*o + 3*o - 3*o**2 + o**3. Let w be v(3). Suppose 3*q = 72 - w. Is q prime?
False
Let i = 122 + -13. Is i composite?
False
Let f be 6/(-4)*1272/(-18). Let t = -59 + f. Is t a prime number?
True
Let c(j) = 11*j**2 - 5*j - 5. Is c(7) a composite number?
False
Let q(l) = 589*l**2 - 4*l + 2. Is q(1) a composite number?
False
Suppose 0 = -3*r - 5*o + 9, -2*o + 0 + 6 = 2*r. Suppose -r*n + 2*n = -149. Is n prime?
True
Suppose 2*t = -86 - 164. Let n = t + 252. Is n a prime number?
True
Let n = 2868 - 1721. Is n prime?
False
Let x(f) = f + 23 - 2*f - 2*f + 4*f. Is x(0) a prime number?
True
Let g(n) = 4*n - 2. Let s be g(-5). Let b(p) = -7*p**2 + 2*p + 2. Let a be b(2). Is 4/a - 774/s prime?
False
Suppose -4*f - 2*f = -10554. Is f a prime number?
True
Suppose 0 = -4*i + 2*i + 6. Is 35 + (-6)/9*i a composite number?
True
Let b(t) = -16*t + 10 - 3 - 3 - 13*t. Is b(-3) prime?
False
Suppose -31 = -2*o + 1. Suppose c = -c + o. Let j = 15 + c. Is j a prime number?
True
Let w(d) = 233*d - 1. Let s(b) = -233*b + 1. Let i(a) = 4*s(a) + 5*w(a). Let j be i(2). Let z = j + -316. Is z a prime number?
True
Suppose 5*l - 497 = 788. Is l a composite number?
False
Suppose 4*a = 5*i - 1176 + 123, 2*a = -4. Is i composite?
True
Let f = 121 + 91. Suppose 2*s = -s - 3*a + 159, -2*a = 4*s - f. Is s composite?
False
Suppose 3*q - 113 = 349. Suppose -5*m + 31 = -q. Is m a composite number?
False
Let u = 86 - 37. Is u composite?
True
Let y(n) = -16*n + 21. Is y(-2) composite?
False
Let w = 2315 - 1394. Is w prime?
False
Let a be (-27)/9*694/(-6). Suppose -4*s + 3*y + 623 = 0, -3*s - y + 130 = -a. Is s a composite number?
True
Let b = 7 + 23. Suppose 4*x - 22 - b = 0. Is x prime?
True
Let x = 219 + -92. Is x composite?
False
Suppose -6713 = 6*g - 13*g. Is g a composite number?
True
Suppose 5*j + 43 + 92 = 2*n, -2*n - 2*j + 114 = 0. Suppose 0 = -2*i + 7*i + n. Is (-112)/i - (-2)/3 a prime number?
False
Let d(j) = -j**3 + 10*j**2 - 7*j + 1. Let a be d(7). Suppose -4*q + a = 4755. Is (q/(-18))/((-4)/(-6)) a prime number?
True
Let v(q) = -q**3 + 6*q**2 - 2*q + 4. Let l be v(6). Suppose -4*g + 172 = -0*g. Let c = l + g. Is c prime?
False
Let q = 726 + -230. Suppose -3*n = -q + 7. Is n prime?
True
Let y(r) = -r**3 + 3*r**2 + r - 1. Let l be y(3). Suppose -w = -47 - l. Is w a prime number?
False
Suppose -5*y + 3*x + 7 = -x, -5*x = 5*y - 25. Is (5 - y) + 159 - 0 prime?
False
Let a = -227 - -61. Let g = -113 - a. Is g composite?
False
Suppose m + 236 = -m. Let l = -210 - -393. Let u = l + m. Is u a prime number?
False
Is (-3)/2*(-254)/3 composite?
False
Let k be (-5 - -17)*2/8. Suppose 0*r - k*r + 633 = 0. Is r a composite number?
False
Let i(z) = 6*z**3 + 2*z**2 - z. Let k be i(1). Suppose -k - 13 = -2*t. Is t prime?
False
Let d = 649 + -150. Is d a composite number?
False
Let a = 968 - 686. Is (a/4)/(6/8) a prime number?
False
Suppose -4*v - 2*s - 269 = -v, -5*v = -5*s + 415. Let w = 152 + v. Is w a prime number?
False
Let j(t) be the second derivative of 3*t**5/20 - 5*t**4/12 - 4*t**3/3 + 7*t**2/2 - 3*t. Is j(5) a prime number?
False
Let c(o) be the second derivative of -o**5/10 - 7*o**4/12 - 5*o**3/6 + 3*o**2/2 - o. Let t(l) = -l**2 - l - 2. Let s be t(-2). Is c(s) composite?
True
Suppose q - 43 = -3*t - 0*q, 0 = -4*q + 16. Suppose 29 = -2*f - t. Let k = f - -56. Is k composite?
True
Suppose -5*g - 995 = -10*g. Is g a prime number?
True
Let a(w) = w**3 + 4*w**2 - 10*w - 9. Is a(-4) composite?
False
Let u(c) = -2*c**2 + 13*c. Let q be u(9). Let k = 88 + q. Is k composite?
False
Let j = -8 + 14. Let d = j - 4. Suppose -5*i + d = -4*q + 69, 0 = i - 5. Is q prime?
True
Suppose 5*q - z = 8925, -4*z = 8 + 12. Let t = -1129 + q. Is t a composite number?
True
Let p(g) = -2*g**2 - 2. Let b be p(-4). Let q = b - -48. Is q a prime number?
False
Suppose 0 = 4*u - 14 - 42. Is u a prime number?
False
Is (1/(-3) + 14280/(-36))*-5 composite?
True
Let n = 197 - -326. Is n a composite number?
False
Let r = 4 - 1. Suppose -i - r*i + 92 = 0. Is i a composite number?
False
Let l be 9 - (-2 + (0 - -1)). Suppose -4*u = -2*u - l. Suppose -3*t - 4 = 2*k - 16, 0 = u*k - t - 13. Is k a composite number?
False
Let x = 131 - 56. Let u = 7 + -5. Suppose u*i - x = -i. Is i a prime number?
False
Suppose 3*l = 5*l. Suppose q = -0*m + 2*m - 332, 3*m + 3*q - 498 = l. Let y = m + -113. Is y a composite number?
False
Suppose -5*z + 215 = -2010. Is z a composite number?
True
Let g(s) = 2*s**3 - 8*s**2 + 12*s - 1. Is g(5) prime?
True
Suppose -5*b + 1 = 21. Let u = -2 - b. Suppose -u*i + i + 69 = 0. Is i a composite number?
True
Let a(v) = -2*v. Let k be a(2). Let i = k - -6. Suppose 5*c + 24 = 3*j, 3*j + i*c - 41 = 4. Is j a composite number?
False
Suppose 2 = 4*h